Last updated on 2024-07-01 03:49:33 CEST.
Flavor | Version | Tinstall | Tcheck | Ttotal | Status | Flags |
---|---|---|---|---|---|---|
r-devel-linux-x86_64-debian-clang | 1.2.1 | 4.26 | 43.32 | 47.58 | NOTE | |
r-devel-linux-x86_64-debian-gcc | 1.2.1 | 4.23 | 32.59 | 36.82 | NOTE | |
r-devel-linux-x86_64-fedora-clang | 1.2.1 | 61.47 | NOTE | |||
r-devel-linux-x86_64-fedora-gcc | 1.2.1 | 56.76 | NOTE | |||
r-devel-windows-x86_64 | 1.2.1 | 5.00 | 54.00 | 59.00 | NOTE | |
r-patched-linux-x86_64 | 1.2.1 | 6.13 | 41.02 | 47.15 | NOTE | |
r-release-linux-x86_64 | 1.2.1 | 5.96 | 40.42 | 46.38 | NOTE | |
r-release-macos-arm64 | 1.2.1 | 21.00 | NOTE | |||
r-release-macos-x86_64 | 1.2.1 | 32.00 | NOTE | |||
r-release-windows-x86_64 | 1.2.1 | 5.00 | 55.00 | 60.00 | NOTE | |
r-oldrel-macos-arm64 | 1.2.1 | 24.00 | OK | |||
r-oldrel-macos-x86_64 | 1.2.1 | 58.00 | OK | |||
r-oldrel-windows-x86_64 | 1.2.1 | 7.00 | 59.00 | 66.00 | OK |
Version: 1.2.1
Check: Rd files
Result: NOTE
checkRd: (-1) sendTasks.Rd:41: Lost braces in \itemize; \value handles \item{}{} directly
checkRd: (-1) sendTasks.Rd:43: Lost braces in \itemize; \value handles \item{}{} directly
Flavors: r-devel-linux-x86_64-debian-clang, r-devel-linux-x86_64-debian-gcc, r-devel-linux-x86_64-fedora-clang, r-devel-linux-x86_64-fedora-gcc, r-devel-windows-x86_64, r-patched-linux-x86_64, r-release-linux-x86_64, r-release-macos-arm64, r-release-macos-x86_64, r-release-windows-x86_64