Last updated on 2024-06-29 03:49:25 CEST.
Flavor | Version | Tinstall | Tcheck | Ttotal | Status | Flags |
---|---|---|---|---|---|---|
r-devel-linux-x86_64-debian-clang | 1.0.5 | 66.17 | 168.58 | 234.75 | OK | |
r-devel-linux-x86_64-debian-gcc | 1.0.5 | 43.06 | 120.34 | 163.40 | OK | |
r-devel-linux-x86_64-fedora-clang | 1.0.5 | 297.21 | OK | |||
r-devel-linux-x86_64-fedora-gcc | 1.0.5 | 296.13 | OK | |||
r-devel-windows-x86_64 | 1.0.5 | 50.00 | 164.00 | 214.00 | NOTE | |
r-patched-linux-x86_64 | 1.0.5 | 56.99 | 159.16 | 216.15 | OK | |
r-release-linux-x86_64 | 1.0.5 | 53.76 | 158.36 | 212.12 | OK | |
r-release-macos-arm64 | 1.0.5 | 86.00 | NOTE | |||
r-release-macos-x86_64 | 1.0.5 | 228.00 | NOTE | |||
r-release-windows-x86_64 | 1.0.5 | 49.00 | 167.00 | 216.00 | NOTE | |
r-oldrel-macos-arm64 | 1.0.5 | 101.00 | NOTE | |||
r-oldrel-macos-x86_64 | 1.0.5 | 189.00 | NOTE | |||
r-oldrel-windows-x86_64 | 1.0.5 | 61.00 | 204.00 | 265.00 | NOTE |
Version: 1.0.5
Check: installed package size
Result: NOTE
installed size is 5.2Mb
sub-directories of 1Mb or more:
data 3.2Mb
libs 1.0Mb
Flavors: r-devel-windows-x86_64, r-release-macos-arm64, r-release-macos-x86_64, r-release-windows-x86_64, r-oldrel-macos-arm64, r-oldrel-macos-x86_64, r-oldrel-windows-x86_64