Last updated on 2024-06-16 03:57:40 CEST.
Flavor | Version | Tinstall | Tcheck | Ttotal | Status | Flags |
---|---|---|---|---|---|---|
r-devel-linux-x86_64-debian-clang | 0.5.2 | 3.44 | 114.54 | 117.98 | OK | |
r-devel-linux-x86_64-debian-gcc | 0.5.2 | 2.83 | 84.07 | 86.90 | OK | |
r-devel-linux-x86_64-fedora-clang | 0.5.2 | 137.97 | OK | |||
r-devel-linux-x86_64-fedora-gcc | 0.5.2 | 144.41 | OK | |||
r-devel-windows-x86_64 | 0.5.2 | 4.00 | 109.00 | 113.00 | OK | |
r-patched-linux-x86_64 | 0.5.2 | 7.27 | 108.64 | 115.91 | OK | |
r-release-linux-x86_64 | 0.5.2 | 3.16 | 105.96 | 109.12 | OK | |
r-release-macos-arm64 | 0.5.2 | 47.00 | OK | |||
r-release-macos-x86_64 | 0.5.2 | 74.00 | OK | |||
r-release-windows-x86_64 | 0.5.2 | 4.00 | 110.00 | 114.00 | OK | |
r-oldrel-macos-arm64 | 0.5.2 | 44.00 | ERROR | |||
r-oldrel-macos-x86_64 | 0.5.2 | 66.00 | ERROR | |||
r-oldrel-windows-x86_64 | 0.5.2 | 5.00 | 128.00 | 133.00 | OK |
Version: 0.5.2
Check: re-building of vignette outputs
Result: ERROR
Error(s) in re-building vignettes:
...
--- re-building ‘sdcSpatial.Rmd’ using rmarkdown
Quitting from lines 190-192 (sdcSpatial.Rmd)
Error: processing vignette 'sdcSpatial.Rmd' failed with diagnostics:
different crs
--- failed re-building ‘sdcSpatial.Rmd’
SUMMARY: processing the following file failed:
‘sdcSpatial.Rmd’
Error: Vignette re-building failed.
Execution halted
Flavor: r-oldrel-macos-arm64
Version: 0.5.2
Check: re-building of vignette outputs
Result: ERROR
Error(s) in re-building vignettes:
...
--- re-building ‘sdcSpatial.Rmd’ using rmarkdown
Pandoc is required to build R Markdown vignettes but not available. Please make sure it is installed.
Quitting from lines 190-192 (sdcSpatial.Rmd)
Error: processing vignette 'sdcSpatial.Rmd' failed with diagnostics:
different crs
--- failed re-building ‘sdcSpatial.Rmd’
SUMMARY: processing the following file failed:
‘sdcSpatial.Rmd’
Error: Vignette re-building failed.
Execution halted
Flavor: r-oldrel-macos-x86_64