Last updated on 2024-06-29 03:49:21 CEST.
Flavor | Version | Tinstall | Tcheck | Ttotal | Status | Flags |
---|---|---|---|---|---|---|
r-devel-linux-x86_64-debian-clang | 1.1.0 | 26.77 | 176.60 | 203.37 | OK | |
r-devel-linux-x86_64-debian-gcc | 1.1.0 | 18.74 | 127.67 | 146.41 | OK | |
r-devel-linux-x86_64-fedora-clang | 1.1.0 | 276.75 | NOTE | |||
r-devel-linux-x86_64-fedora-gcc | 1.1.0 | 242.34 | OK | |||
r-devel-windows-x86_64 | 1.1.0 | 22.00 | 132.00 | 154.00 | OK | |
r-patched-linux-x86_64 | 1.1.0 | 23.36 | 166.29 | 189.65 | OK | |
r-release-linux-x86_64 | 1.1.0 | 16.68 | 172.39 | 189.07 | OK | |
r-release-macos-arm64 | 1.1.0 | 63.00 | OK | |||
r-release-macos-x86_64 | 1.1.0 | 96.00 | OK | |||
r-release-windows-x86_64 | 1.1.0 | 22.00 | 134.00 | 156.00 | OK | |
r-oldrel-macos-arm64 | 1.1.0 | 72.00 | OK | |||
r-oldrel-macos-x86_64 | 1.1.0 | 169.00 | OK | |||
r-oldrel-windows-x86_64 | 1.1.0 | 29.00 | 172.00 | 201.00 | OK |
Version: 1.1.0
Check: Rd cross-references
Result: NOTE
Undeclared package ‘TMB’ in Rd xrefs
Flavor: r-devel-linux-x86_64-fedora-clang