Last updated on 2024-07-01 03:49:10 CEST.
Flavor | Version | Tinstall | Tcheck | Ttotal | Status | Flags |
---|---|---|---|---|---|---|
r-devel-linux-x86_64-debian-clang | 1.0.0 | 13.04 | 104.32 | 117.36 | NOTE | |
r-devel-linux-x86_64-debian-gcc | 1.0.0 | 10.20 | 78.30 | 88.50 | NOTE | |
r-devel-linux-x86_64-fedora-clang | 1.0.0 | 157.86 | NOTE | |||
r-devel-linux-x86_64-fedora-gcc | 1.0.0 | 140.10 | NOTE | |||
r-devel-windows-x86_64 | 1.0.0 | 12.00 | 90.00 | 102.00 | NOTE | |
r-patched-linux-x86_64 | 1.0.0 | 7.65 | 98.01 | 105.66 | NOTE | |
r-release-linux-x86_64 | 1.0.0 | 8.67 | 95.98 | 104.65 | NOTE | |
r-release-macos-arm64 | 1.0.0 | 48.00 | NOTE | |||
r-release-macos-x86_64 | 1.0.0 | 61.00 | NOTE | |||
r-release-windows-x86_64 | 1.0.0 | 11.00 | 88.00 | 99.00 | NOTE | |
r-oldrel-macos-arm64 | 1.0.0 | 49.00 | NOTE | |||
r-oldrel-macos-x86_64 | 1.0.0 | 75.00 | NOTE | |||
r-oldrel-windows-x86_64 | 1.0.0 | 14.00 | 107.00 | 121.00 | NOTE |
Version: 1.0.0
Check: LazyData
Result: NOTE
'LazyData' is specified without a 'data' directory
Flavors: r-devel-linux-x86_64-debian-clang, r-devel-linux-x86_64-debian-gcc, r-devel-linux-x86_64-fedora-clang, r-devel-linux-x86_64-fedora-gcc, r-devel-windows-x86_64, r-patched-linux-x86_64, r-release-linux-x86_64, r-release-macos-arm64, r-release-macos-x86_64, r-release-windows-x86_64, r-oldrel-macos-arm64, r-oldrel-macos-x86_64, r-oldrel-windows-x86_64