Last updated on 2024-06-30 03:55:17 CEST.
Flavor | Version | Tinstall | Tcheck | Ttotal | Status | Flags |
---|---|---|---|---|---|---|
r-devel-linux-x86_64-debian-clang | 0.2.0 | 2.26 | 35.43 | 37.69 | OK | |
r-devel-linux-x86_64-debian-gcc | 0.2.0 | 1.71 | 27.29 | 29.00 | OK | |
r-devel-linux-x86_64-fedora-clang | 0.2.0 | 50.34 | NOTE | |||
r-devel-linux-x86_64-fedora-gcc | 0.2.0 | 60.01 | OK | |||
r-devel-windows-x86_64 | 0.2.0 | 3.00 | 61.00 | 64.00 | OK | |
r-patched-linux-x86_64 | 0.2.0 | 2.59 | 34.38 | 36.97 | OK | |
r-release-linux-x86_64 | 0.2.0 | 2.33 | 34.18 | 36.51 | OK | |
r-release-macos-arm64 | 0.2.0 | 33.00 | OK | |||
r-release-macos-x86_64 | 0.2.0 | 44.00 | OK | |||
r-release-windows-x86_64 | 0.2.0 | 3.00 | 62.00 | 65.00 | OK | |
r-oldrel-macos-arm64 | 0.2.0 | 47.00 | OK | |||
r-oldrel-macos-x86_64 | 0.2.0 | 66.00 | OK | |||
r-oldrel-windows-x86_64 | 0.2.0 | 3.00 | 66.00 | 69.00 | OK |
Version: 0.2.0
Check: Rd cross-references
Result: NOTE
Undeclared package ‘lubridate’ in Rd xrefs
Flavor: r-devel-linux-x86_64-fedora-clang