Last updated on 2024-07-01 03:49:07 CEST.
Flavor | Version | Tinstall | Tcheck | Ttotal | Status | Flags |
---|---|---|---|---|---|---|
r-devel-linux-x86_64-debian-clang | 0.3.2 | 2.69 | 90.00 | 92.69 | NOTE | |
r-devel-linux-x86_64-debian-gcc | 0.3.2 | 2.21 | 60.54 | 62.75 | NOTE | |
r-devel-linux-x86_64-fedora-clang | 0.3.2 | 114.16 | NOTE | |||
r-devel-linux-x86_64-fedora-gcc | 0.3.2 | 118.54 | NOTE | |||
r-devel-windows-x86_64 | 0.3.2 | 4.00 | 80.00 | 84.00 | NOTE | |
r-patched-linux-x86_64 | 0.3.2 | 3.07 | 84.07 | 87.14 | NOTE | |
r-release-linux-x86_64 | 0.3.2 | 1.54 | 84.74 | 86.28 | NOTE | |
r-release-macos-arm64 | 0.3.2 | 40.00 | NOTE | |||
r-release-macos-x86_64 | 0.3.2 | 61.00 | NOTE | |||
r-release-windows-x86_64 | 0.3.2 | 4.00 | 79.00 | 83.00 | NOTE | |
r-oldrel-macos-arm64 | 0.3.2 | 46.00 | NOTE | |||
r-oldrel-macos-x86_64 | 0.3.2 | 72.00 | NOTE | |||
r-oldrel-windows-x86_64 | 0.3.2 | 4.00 | 95.00 | 99.00 | NOTE |
Version: 0.3.2
Check: package subdirectories
Result: NOTE
Problems with news in ‘NEWS.md’:
Cannot extract version info from the following section titles:
Initial version.
Flavors: r-devel-linux-x86_64-debian-clang, r-devel-linux-x86_64-debian-gcc, r-devel-linux-x86_64-fedora-clang, r-devel-linux-x86_64-fedora-gcc, r-devel-windows-x86_64, r-patched-linux-x86_64, r-release-linux-x86_64, r-release-macos-arm64, r-release-macos-x86_64, r-release-windows-x86_64, r-oldrel-macos-arm64, r-oldrel-macos-x86_64, r-oldrel-windows-x86_64