Last updated on 2024-06-18 03:57:12 CEST.
Flavor | Version | Tinstall | Tcheck | Ttotal | Status | Flags |
---|---|---|---|---|---|---|
r-devel-linux-x86_64-debian-clang | 1.3.1 | 9.69 | 86.86 | 96.55 | OK | |
r-devel-linux-x86_64-debian-gcc | 1.3.1 | 8.11 | 63.08 | 71.19 | OK | |
r-devel-linux-x86_64-fedora-clang | 1.3.1 | 117.87 | NOTE | |||
r-devel-linux-x86_64-fedora-gcc | 1.3.1 | 112.04 | NOTE | |||
r-devel-windows-x86_64 | 1.3.1 | 11.00 | 80.00 | 91.00 | OK | |
r-patched-linux-x86_64 | 1.3.1 | 13.06 | 82.16 | 95.22 | OK | |
r-release-linux-x86_64 | 1.3.1 | 9.56 | 77.93 | 87.49 | OK | |
r-release-macos-arm64 | 1.3.1 | 33.00 | OK | |||
r-release-macos-x86_64 | 1.3.1 | 65.00 | OK | |||
r-release-windows-x86_64 | 1.3.1 | 11.00 | 81.00 | 92.00 | OK | |
r-oldrel-macos-arm64 | 1.3.1 | 35.00 | OK | |||
r-oldrel-macos-x86_64 | 1.3.1 | 63.00 | OK | |||
r-oldrel-windows-x86_64 | 1.3.1 | 13.00 | 96.00 | 109.00 | OK |
Version: 1.3.1
Check: compiled code
Result: NOTE
File ‘kknn/libs/kknn.so’:
Found no calls to: ‘R_registerRoutines’, ‘R_useDynamicSymbols’
It is good practice to register native routines and to disable symbol
search.
See ‘Writing portable packages’ in the ‘Writing R Extensions’ manual.
Flavors: r-devel-linux-x86_64-fedora-clang, r-devel-linux-x86_64-fedora-gcc