Last updated on 2024-06-29 03:49:16 CEST.
Flavor | Version | Tinstall | Tcheck | Ttotal | Status | Flags |
---|---|---|---|---|---|---|
r-devel-linux-x86_64-debian-clang | 0.1.0 | 5.52 | 53.44 | 58.96 | NOTE | |
r-devel-linux-x86_64-debian-gcc | 0.1.0 | 5.89 | 40.03 | 45.92 | NOTE | |
r-devel-linux-x86_64-fedora-clang | 0.1.0 | 79.98 | NOTE | |||
r-devel-linux-x86_64-fedora-gcc | 0.1.0 | 74.60 | NOTE | |||
r-devel-windows-x86_64 | 0.1.0 | 8.00 | 62.00 | 70.00 | NOTE | |
r-patched-linux-x86_64 | 0.1.0 | 4.27 | 50.89 | 55.16 | NOTE | |
r-release-linux-x86_64 | 0.1.0 | 4.61 | 51.98 | 56.59 | NOTE | |
r-release-macos-arm64 | 0.1.0 | 26.00 | NOTE | |||
r-release-macos-x86_64 | 0.1.0 | 45.00 | NOTE | |||
r-release-windows-x86_64 | 0.1.0 | 8.00 | 63.00 | 71.00 | NOTE | |
r-oldrel-macos-arm64 | 0.1.0 | 26.00 | OK | |||
r-oldrel-macos-x86_64 | 0.1.0 | 41.00 | OK | |||
r-oldrel-windows-x86_64 | 0.1.0 | 9.00 | 71.00 | 80.00 | OK |
Version: 0.1.0
Check: Rd files
Result: NOTE
checkRd: (-1) process_stats.Rd:11: Lost braces; missing escapes or markup?
11 | the {janitor} package}
| ^
checkRd: (-1) theme_industRial.Rd:40: Lost braces; missing escapes or markup?
40 | adapted from the package {cowplot} by Claus O.Wilke and reflects the principles
| ^
checkRd: (-1) theme_industRial.Rd:45: Lost braces; missing escapes or markup?
45 | It basically combines the half open theme with a grid background from {cowplot}
| ^
Flavors: r-devel-linux-x86_64-debian-clang, r-devel-linux-x86_64-debian-gcc, r-devel-linux-x86_64-fedora-clang, r-devel-linux-x86_64-fedora-gcc, r-devel-windows-x86_64, r-patched-linux-x86_64, r-release-linux-x86_64, r-release-macos-arm64, r-release-macos-x86_64, r-release-windows-x86_64
Version: 0.1.0
Check: data for non-ASCII characters
Result: NOTE
Note: found 2 marked UTF-8 strings
Flavors: r-devel-linux-x86_64-fedora-clang, r-devel-linux-x86_64-fedora-gcc