Last updated on 2024-06-18 02:58:09 CEST.
Flavor | Version | Tinstall | Tcheck | Ttotal | Status | Flags |
---|---|---|---|---|---|---|
r-devel-linux-x86_64-debian-clang | 1.51.0 | 23.96 | 130.25 | 154.21 | NOTE | |
r-devel-linux-x86_64-debian-gcc | 1.51.0 | 15.75 | 97.42 | 113.17 | NOTE | |
r-devel-linux-x86_64-fedora-clang | 1.51.0 | 194.23 | NOTE | |||
r-devel-linux-x86_64-fedora-gcc | 1.51.0 | 201.93 | NOTE | |||
r-devel-windows-x86_64 | 1.51.0 | 18.00 | 117.00 | 135.00 | NOTE | |
r-patched-linux-x86_64 | 1.51.0 | 20.52 | 127.36 | 147.88 | NOTE | |
r-release-linux-x86_64 | 1.51.0 | 19.02 | 125.06 | 144.08 | NOTE | |
r-release-macos-arm64 | 1.51.0 | 64.00 | NOTE | |||
r-release-macos-x86_64 | 1.51.0 | 90.00 | NOTE | |||
r-release-windows-x86_64 | 1.51.0 | 17.00 | 121.00 | 138.00 | NOTE | |
r-oldrel-macos-arm64 | 1.51.0 | 63.00 | NOTE | |||
r-oldrel-macos-x86_64 | 1.51.0 | 236.00 | NOTE | |||
r-oldrel-windows-x86_64 | 1.51.0 | 21.00 | 142.00 | 163.00 | NOTE |
Version: 1.51.0
Check: package dependencies
Result: NOTE
Package suggested but not available for checking: ‘SparkR’
Flavors: r-devel-linux-x86_64-debian-clang, r-devel-linux-x86_64-debian-gcc, r-devel-linux-x86_64-fedora-clang, r-devel-linux-x86_64-fedora-gcc, r-devel-windows-x86_64, r-patched-linux-x86_64, r-release-linux-x86_64, r-release-macos-arm64, r-release-macos-x86_64, r-release-windows-x86_64, r-oldrel-macos-arm64, r-oldrel-macos-x86_64, r-oldrel-windows-x86_64