Last updated on 2024-06-29 03:49:14 CEST.
Flavor | Version | Tinstall | Tcheck | Ttotal | Status | Flags |
---|---|---|---|---|---|---|
r-devel-linux-x86_64-debian-clang | 2.19.1 | 3.99 | 35.10 | 39.09 | OK | |
r-devel-linux-x86_64-debian-gcc | 2.19.1 | 2.51 | 26.94 | 29.45 | OK | |
r-devel-linux-x86_64-fedora-clang | 2.19.1 | 49.19 | NOTE | |||
r-devel-linux-x86_64-fedora-gcc | 2.19.1 | 46.45 | OK | |||
r-devel-windows-x86_64 | 2.19.1 | 4.00 | 49.00 | 53.00 | OK | |
r-patched-linux-x86_64 | 2.19.1 | 3.40 | 33.52 | 36.92 | OK | |
r-release-linux-x86_64 | 2.19.1 | 2.93 | 34.72 | 37.65 | OK | |
r-release-macos-arm64 | 2.19.1 | 18.00 | OK | |||
r-release-macos-x86_64 | 2.19.1 | 30.00 | OK | |||
r-release-windows-x86_64 | 2.19.1 | 4.00 | 49.00 | 53.00 | OK | |
r-oldrel-macos-arm64 | 2.19.1 | 37.00 | OK | |||
r-oldrel-macos-x86_64 | 2.19.1 | 44.00 | OK | |||
r-oldrel-windows-x86_64 | 2.19.1 | 5.00 | 52.00 | 57.00 | OK |
Version: 2.19.1
Check: Rd cross-references
Result: NOTE
Undeclared package ‘rms’ in Rd xrefs
Flavor: r-devel-linux-x86_64-fedora-clang