Last updated on 2024-06-29 03:49:14 CEST.
Flavor | Version | Tinstall | Tcheck | Ttotal | Status | Flags |
---|---|---|---|---|---|---|
r-devel-linux-x86_64-debian-clang | 3.5.0 | 13.67 | 165.50 | 179.17 | OK | |
r-devel-linux-x86_64-debian-gcc | 3.5.0 | 12.98 | 116.83 | 129.81 | OK | |
r-devel-linux-x86_64-fedora-clang | 3.5.0 | 222.34 | NOTE | |||
r-devel-linux-x86_64-fedora-gcc | 3.5.0 | 209.16 | OK | |||
r-devel-windows-x86_64 | 3.5.0 | 18.00 | 154.00 | 172.00 | OK | |
r-patched-linux-x86_64 | 3.5.0 | 18.98 | 153.92 | 172.90 | OK | |
r-release-linux-x86_64 | 3.5.0 | 17.90 | 158.30 | 176.20 | OK | |
r-release-macos-arm64 | 3.5.0 | 58.00 | OK | |||
r-release-macos-x86_64 | 3.5.0 | 92.00 | OK | |||
r-release-windows-x86_64 | 3.5.0 | 18.00 | 142.00 | 160.00 | OK | |
r-oldrel-macos-arm64 | 3.5.0 | 61.00 | OK | |||
r-oldrel-macos-x86_64 | 3.5.0 | 147.00 | OK | |||
r-oldrel-windows-x86_64 | 3.5.0 | 21.00 | 173.00 | 194.00 | OK |
Version: 3.5.0
Check: Rd cross-references
Result: NOTE
Undeclared package ‘chemometrics’ in Rd xrefs
Flavor: r-devel-linux-x86_64-fedora-clang