Last updated on 2024-06-29 03:49:14 CEST.
Flavor | Version | Tinstall | Tcheck | Ttotal | Status | Flags |
---|---|---|---|---|---|---|
r-devel-linux-x86_64-debian-clang | 0.6.2 | 359.22 | 554.69 | 913.91 | NOTE | |
r-devel-linux-x86_64-debian-gcc | 0.6.2 | 263.37 | 443.98 | 707.35 | NOTE | |
r-devel-linux-x86_64-fedora-clang | 0.6.2 | 1084.72 | NOTE | |||
r-devel-linux-x86_64-fedora-gcc | 0.6.2 | 1227.54 | NOTE | |||
r-devel-windows-x86_64 | 0.6.2 | 236.00 | 640.00 | 876.00 | NOTE | |
r-patched-linux-x86_64 | 0.6.2 | 0.01 | 3.16 | 3.17 | ERROR | |
r-release-linux-x86_64 | 0.6.2 | 258.51 | 582.75 | 841.26 | NOTE | |
r-release-macos-arm64 | 0.6.2 | 330.00 | NOTE | |||
r-release-macos-x86_64 | 0.6.2 | 898.00 | NOTE | |||
r-release-windows-x86_64 | 0.6.2 | 235.00 | 656.00 | 891.00 | NOTE | |
r-oldrel-macos-arm64 | 0.6.2 | 555.00 | NOTE | |||
r-oldrel-macos-x86_64 | 0.6.2 | 1316.00 | NOTE | |||
r-oldrel-windows-x86_64 | 0.6.2 | 322.00 | 638.00 | 960.00 | NOTE |
Version: 0.6.2
Check: for GNU extensions in Makefiles
Result: NOTE
GNU make is a SystemRequirements.
Flavors: r-devel-linux-x86_64-debian-clang, r-devel-linux-x86_64-debian-gcc, r-devel-linux-x86_64-fedora-clang, r-devel-linux-x86_64-fedora-gcc, r-devel-windows-x86_64, r-release-linux-x86_64, r-release-macos-arm64, r-release-macos-x86_64, r-release-windows-x86_64, r-oldrel-macos-arm64, r-oldrel-macos-x86_64, r-oldrel-windows-x86_64
Version: 0.6.2
Check: installed package size
Result: NOTE
installed size is 6.2Mb
sub-directories of 1Mb or more:
libs 4.2Mb
Flavors: r-devel-linux-x86_64-fedora-clang, r-devel-windows-x86_64, r-release-macos-arm64, r-release-macos-x86_64, r-release-windows-x86_64, r-oldrel-macos-arm64, r-oldrel-macos-x86_64, r-oldrel-windows-x86_64
Version: 0.6.2
Check: dependencies in R code
Result: NOTE
Namespaces in Imports field not imported from:
‘RcppParallel’ ‘rstantools’
All declared Imports should be used.
Flavors: r-devel-linux-x86_64-fedora-clang, r-devel-linux-x86_64-fedora-gcc
Version: 0.6.2
Check: whether package can be installed
Result: ERROR
Installation failed.
Flavor: r-patched-linux-x86_64