Last updated on 2024-06-18 02:58:08 CEST.
Flavor | Version | Tinstall | Tcheck | Ttotal | Status | Flags |
---|---|---|---|---|---|---|
r-devel-linux-x86_64-debian-clang | 0.1.3 | 4.71 | 491.81 | 496.52 | NOTE | |
r-devel-linux-x86_64-debian-gcc | 0.1.3 | 2.43 | 306.64 | 309.07 | NOTE | |
r-devel-linux-x86_64-fedora-clang | 0.1.3 | 573.79 | NOTE | |||
r-devel-linux-x86_64-fedora-gcc | 0.1.3 | 562.34 | NOTE | |||
r-devel-windows-x86_64 | 0.1.3 | 5.00 | 293.00 | 298.00 | NOTE | |
r-patched-linux-x86_64 | 0.1.3 | 5.63 | 465.16 | 470.79 | NOTE | |
r-release-linux-x86_64 | 0.1.3 | 5.12 | 452.10 | 457.22 | NOTE | |
r-release-macos-arm64 | 0.1.3 | 116.00 | NOTE | |||
r-release-macos-x86_64 | 0.1.3 | 198.00 | NOTE | |||
r-release-windows-x86_64 | 0.1.3 | 4.00 | 292.00 | 296.00 | NOTE | |
r-oldrel-macos-arm64 | 0.1.3 | 127.00 | NOTE | |||
r-oldrel-macos-x86_64 | 0.1.3 | 233.00 | NOTE | |||
r-oldrel-windows-x86_64 | 0.1.3 | 7.00 | 408.00 | 415.00 | NOTE |
Version: 0.1.3
Check: LazyData
Result: NOTE
'LazyData' is specified without a 'data' directory
Flavors: r-devel-linux-x86_64-debian-clang, r-devel-linux-x86_64-debian-gcc, r-devel-linux-x86_64-fedora-clang, r-devel-linux-x86_64-fedora-gcc, r-devel-windows-x86_64, r-patched-linux-x86_64, r-release-linux-x86_64, r-release-macos-arm64, r-release-macos-x86_64, r-release-windows-x86_64, r-oldrel-macos-arm64, r-oldrel-macos-x86_64, r-oldrel-windows-x86_64
Version: 0.1.3
Check: dependencies in R code
Result: NOTE
Namespace in Imports field not imported from: ‘methods’
All declared Imports should be used.
Flavors: r-devel-linux-x86_64-fedora-clang, r-devel-linux-x86_64-fedora-gcc