Last updated on 2024-07-01 03:49:03 CEST.
Flavor | Version | Tinstall | Tcheck | Ttotal | Status | Flags |
---|---|---|---|---|---|---|
r-devel-linux-x86_64-debian-clang | 0.1.0 | 32.64 | 34.24 | 66.88 | OK | |
r-devel-linux-x86_64-debian-gcc | 0.1.0 | 30.01 | 28.14 | 58.15 | OK | |
r-devel-linux-x86_64-fedora-clang | 0.1.0 | 101.90 | OK | |||
r-devel-linux-x86_64-fedora-gcc | 0.1.0 | 121.95 | OK | |||
r-devel-windows-x86_64 | 0.1.0 | 32.00 | 63.00 | 95.00 | OK | |
r-patched-linux-x86_64 | 0.1.0 | 32.98 | 35.42 | 68.40 | OK | |
r-release-linux-x86_64 | 0.1.0 | 36.01 | 35.19 | 71.20 | OK | |
r-release-macos-arm64 | 0.1.0 | 31.00 | NOTE | |||
r-release-macos-x86_64 | 0.1.0 | 49.00 | NOTE | |||
r-release-windows-x86_64 | 0.1.0 | 32.00 | 64.00 | 96.00 | OK | |
r-oldrel-macos-arm64 | 0.1.0 | 36.00 | NOTE | |||
r-oldrel-macos-x86_64 | 0.1.0 | 54.00 | NOTE | |||
r-oldrel-windows-x86_64 | 0.1.0 | 39.00 | 74.00 | 113.00 | OK |
Version: 0.1.0
Check: installed package size
Result: NOTE
installed size is 6.6Mb
sub-directories of 1Mb or more:
libs 6.5Mb
Flavors: r-release-macos-arm64, r-release-macos-x86_64, r-oldrel-macos-arm64, r-oldrel-macos-x86_64