Last updated on 2024-06-29 03:49:13 CEST.
Flavor | Version | Tinstall | Tcheck | Ttotal | Status | Flags |
---|---|---|---|---|---|---|
r-devel-linux-x86_64-debian-clang | 2.5.8 | 31.76 | 147.79 | 179.55 | NOTE | |
r-devel-linux-x86_64-debian-gcc | 2.5.8 | 21.15 | 108.42 | 129.57 | NOTE | |
r-devel-linux-x86_64-fedora-clang | 2.5.8 | 229.99 | OK | |||
r-devel-linux-x86_64-fedora-gcc | 2.5.8 | 212.49 | OK | |||
r-devel-windows-x86_64 | 2.5.8 | 34.00 | 123.00 | 157.00 | OK | |
r-patched-linux-x86_64 | 2.5.8 | 29.15 | 143.90 | 173.05 | NOTE | |
r-release-linux-x86_64 | 2.5.8 | 22.03 | 141.07 | 163.10 | NOTE | |
r-release-macos-arm64 | 2.5.8 | 60.00 | NOTE | |||
r-release-macos-x86_64 | 2.5.8 | 158.00 | NOTE | |||
r-release-windows-x86_64 | 2.5.8 | 31.00 | 125.00 | 156.00 | OK | |
r-oldrel-macos-arm64 | 2.5.8 | 77.00 | NOTE | |||
r-oldrel-macos-x86_64 | 2.5.8 | 137.00 | NOTE | |||
r-oldrel-windows-x86_64 | 2.5.8 | 38.00 | 166.00 | 204.00 | NOTE |
Version: 2.5.8
Check: package dependencies
Result: NOTE
Package suggested but not available for checking: ‘INLA’
Flavors: r-devel-linux-x86_64-debian-clang, r-devel-linux-x86_64-debian-gcc, r-patched-linux-x86_64, r-release-linux-x86_64, r-release-macos-arm64, r-release-macos-x86_64, r-oldrel-macos-arm64, r-oldrel-macos-x86_64, r-oldrel-windows-x86_64