Last updated on 2024-06-28 03:57:00 CEST.
Flavor | Version | Tinstall | Tcheck | Ttotal | Status | Flags |
---|---|---|---|---|---|---|
r-devel-linux-x86_64-debian-clang | 1.0-1 | OK | ||||
r-devel-linux-x86_64-debian-gcc | 1.0-1 | 2.11 | 56.16 | 58.27 | OK | |
r-devel-linux-x86_64-fedora-clang | 1.0-1 | 96.32 | NOTE | |||
r-devel-linux-x86_64-fedora-gcc | 1.0-1 | 114.67 | OK | |||
r-devel-windows-x86_64 | 1.0-1 | 3.00 | 78.00 | 81.00 | NOTE | |
r-patched-linux-x86_64 | 1.0-1 | 3.12 | 69.82 | 72.94 | OK | |
r-release-linux-x86_64 | 1.0-1 | 3.46 | 73.64 | 77.10 | OK | |
r-release-macos-arm64 | 1.0-1 | 36.00 | NOTE | |||
r-release-macos-x86_64 | 1.0-1 | 57.00 | NOTE | |||
r-release-windows-x86_64 | 1.0-1 | 4.00 | 80.00 | 84.00 | NOTE | |
r-oldrel-macos-arm64 | 1.0-1 | 37.00 | NOTE | |||
r-oldrel-macos-x86_64 | 1.0-1 | 62.00 | NOTE | |||
r-oldrel-windows-x86_64 | 1.0-1 | 5.00 | 91.00 | 96.00 | NOTE |
Version: 1.0-1
Check: installed package size
Result: NOTE
installed size is 6.2Mb
sub-directories of 1Mb or more:
doc 1.5Mb
extdata 4.2Mb
Flavors: r-devel-linux-x86_64-fedora-clang, r-devel-windows-x86_64, r-release-macos-arm64, r-release-macos-x86_64, r-release-windows-x86_64, r-oldrel-macos-arm64, r-oldrel-macos-x86_64, r-oldrel-windows-x86_64