Last updated on 2024-06-18 02:58:05 CEST.
Flavor | Version | Tinstall | Tcheck | Ttotal | Status | Flags |
---|---|---|---|---|---|---|
r-devel-linux-x86_64-debian-clang | 1.1.0 | 3.41 | 45.41 | 48.82 | NOTE | |
r-devel-linux-x86_64-debian-gcc | 1.1.0 | 3.85 | 33.07 | 36.92 | NOTE | |
r-devel-linux-x86_64-fedora-clang | 1.1.0 | 61.51 | NOTE | |||
r-devel-linux-x86_64-fedora-gcc | 1.1.0 | 62.36 | NOTE | |||
r-devel-windows-x86_64 | 1.1.0 | 4.00 | 54.00 | 58.00 | NOTE | |
r-patched-linux-x86_64 | 1.1.0 | 5.69 | 42.67 | 48.36 | NOTE | |
r-release-linux-x86_64 | 1.1.0 | 4.98 | 43.00 | 47.98 | NOTE | |
r-release-macos-arm64 | 1.1.0 | 21.00 | NOTE | |||
r-release-macos-x86_64 | 1.1.0 | 33.00 | NOTE | |||
r-release-windows-x86_64 | 1.1.0 | 5.00 | 53.00 | 58.00 | NOTE | |
r-oldrel-macos-arm64 | 1.1.0 | 22.00 | NOTE | |||
r-oldrel-macos-x86_64 | 1.1.0 | 32.00 | NOTE | |||
r-oldrel-windows-x86_64 | 1.1.0 | 5.00 | 58.00 | 63.00 | NOTE |
Version: 1.1.0
Check: package dependencies
Result: NOTE
Package suggested but not available for checking: ‘gurobi’
Flavors: r-devel-linux-x86_64-debian-clang, r-devel-linux-x86_64-debian-gcc, r-devel-linux-x86_64-fedora-clang, r-devel-linux-x86_64-fedora-gcc, r-devel-windows-x86_64, r-patched-linux-x86_64, r-release-linux-x86_64, r-release-macos-arm64, r-release-macos-x86_64, r-release-windows-x86_64, r-oldrel-macos-arm64, r-oldrel-macos-x86_64, r-oldrel-windows-x86_64
Version: 1.1.0
Check: data for non-ASCII characters
Result: NOTE
Note: found 15 marked UTF-8 strings
Flavors: r-devel-linux-x86_64-fedora-clang, r-devel-linux-x86_64-fedora-gcc