Last updated on 2024-06-29 03:49:11 CEST.
Flavor | Version | Tinstall | Tcheck | Ttotal | Status | Flags |
---|---|---|---|---|---|---|
r-devel-linux-x86_64-debian-clang | 0.65 | 50.08 | 357.96 | 408.04 | OK | |
r-devel-linux-x86_64-debian-gcc | 0.65 | 35.31 | 259.73 | 295.04 | OK | |
r-devel-linux-x86_64-fedora-clang | 0.65 | 503.70 | OK | |||
r-devel-linux-x86_64-fedora-gcc | 0.65 | 470.78 | OK | |||
r-devel-windows-x86_64 | 0.65 | 39.00 | 293.00 | 332.00 | OK | |
r-patched-linux-x86_64 | 0.65 | 50.07 | 348.63 | 398.70 | OK | |
r-release-linux-x86_64 | 0.65 | 36.68 | 352.96 | 389.64 | OK | |
r-release-macos-arm64 | 0.65 | 117.00 | NOTE | |||
r-release-macos-x86_64 | 0.65 | 204.00 | NOTE | |||
r-release-windows-x86_64 | 0.65 | 41.00 | 294.00 | 335.00 | OK | |
r-oldrel-macos-arm64 | 0.65 | 122.00 | NOTE | |||
r-oldrel-macos-x86_64 | 0.65 | 471.00 | NOTE | |||
r-oldrel-windows-x86_64 | 0.65 | 51.00 | 391.00 | 442.00 | OK |
Version: 0.65
Check: installed package size
Result: NOTE
installed size is 5.1Mb
sub-directories of 1Mb or more:
R 2.0Mb
help 2.2Mb
Flavors: r-release-macos-arm64, r-release-macos-x86_64, r-oldrel-macos-arm64, r-oldrel-macos-x86_64
Version: 0.65
Check: package dependencies
Result: NOTE
Package suggested but not available for checking: ‘snpStats’
Flavor: r-oldrel-macos-arm64
Version: 0.65
Check: Rd cross-references
Result: NOTE
Package unavailable to check Rd xrefs: ‘snpStats’
Flavor: r-oldrel-macos-arm64