Last updated on 2024-06-18 02:58:22 CEST.
Flavor | Version | Tinstall | Tcheck | Ttotal | Status | Flags |
---|---|---|---|---|---|---|
r-devel-linux-x86_64-debian-clang | 0.1.8 | 2.02 | 21.29 | 23.31 | NOTE | |
r-devel-linux-x86_64-debian-gcc | 0.1.8 | 1.26 | 17.32 | 18.58 | NOTE | |
r-devel-linux-x86_64-fedora-clang | 0.1.8 | 30.32 | NOTE | |||
r-devel-linux-x86_64-fedora-gcc | 0.1.8 | 28.42 | NOTE | |||
r-devel-windows-x86_64 | 0.1.8 | 3.00 | 39.00 | 42.00 | NOTE | |
r-patched-linux-x86_64 | 0.1.8 | 1.82 | 21.20 | 23.02 | NOTE | |
r-release-linux-x86_64 | 0.1.8 | 1.81 | 21.09 | 22.90 | NOTE | |
r-release-macos-arm64 | 0.1.8 | 14.00 | NOTE | |||
r-release-macos-x86_64 | 0.1.8 | 28.00 | NOTE | |||
r-release-windows-x86_64 | 0.1.8 | 2.00 | 41.00 | 43.00 | NOTE | |
r-oldrel-macos-arm64 | 0.1.8 | 15.00 | NOTE | |||
r-oldrel-macos-x86_64 | 0.1.8 | 18.00 | NOTE | |||
r-oldrel-windows-x86_64 | 0.1.8 | 3.00 | 41.00 | 44.00 | NOTE |
Version: 0.1.8
Check: package subdirectories
Result: NOTE
Problems with news in ‘NEWS.md’:
No news entries found.
Flavors: r-devel-linux-x86_64-debian-clang, r-devel-linux-x86_64-debian-gcc, r-devel-linux-x86_64-fedora-clang, r-devel-linux-x86_64-fedora-gcc, r-devel-windows-x86_64, r-patched-linux-x86_64, r-release-linux-x86_64, r-release-macos-arm64, r-release-macos-x86_64, r-release-windows-x86_64, r-oldrel-macos-arm64, r-oldrel-macos-x86_64, r-oldrel-windows-x86_64
Version: 0.1.8
Check: LazyData
Result: NOTE
'LazyData' is specified without a 'data' directory
Flavors: r-devel-linux-x86_64-debian-clang, r-devel-linux-x86_64-debian-gcc, r-devel-linux-x86_64-fedora-clang, r-devel-linux-x86_64-fedora-gcc, r-devel-windows-x86_64, r-patched-linux-x86_64, r-release-linux-x86_64, r-release-macos-arm64, r-release-macos-x86_64, r-release-windows-x86_64, r-oldrel-macos-arm64, r-oldrel-macos-x86_64, r-oldrel-windows-x86_64