Last updated on 2024-06-29 03:49:26 CEST.
Flavor | Version | Tinstall | Tcheck | Ttotal | Status | Flags |
---|---|---|---|---|---|---|
r-devel-linux-x86_64-debian-clang | 0.2.1 | 543.49 | 318.12 | 861.61 | NOTE | |
r-devel-linux-x86_64-debian-gcc | 0.2.1 | 384.98 | 218.34 | 603.32 | NOTE | |
r-devel-linux-x86_64-fedora-clang | 0.2.1 | 1296.44 | NOTE | |||
r-devel-linux-x86_64-fedora-gcc | 0.2.1 | 1278.23 | NOTE | |||
r-devel-windows-x86_64 | 0.2.1 | 420.00 | 205.00 | 625.00 | NOTE | |
r-patched-linux-x86_64 | 0.2.1 | 451.13 | 294.92 | 746.05 | NOTE | |
r-release-linux-x86_64 | 0.2.1 | 467.50 | 296.67 | 764.17 | NOTE | |
r-release-macos-arm64 | 0.2.1 | 197.00 | NOTE | |||
r-release-macos-x86_64 | 0.2.1 | 212.00 | NOTE | |||
r-release-windows-x86_64 | 0.2.1 | 412.00 | 207.00 | 619.00 | NOTE | |
r-oldrel-macos-arm64 | 0.2.1 | 269.00 | NOTE | |||
r-oldrel-macos-x86_64 | 0.2.1 | 464.00 | NOTE | |||
r-oldrel-windows-x86_64 | 0.2.1 | 511.00 | 368.00 | 879.00 | NOTE |
Version: 0.2.1
Check: C++ specification
Result: NOTE
Specified C++11: please drop specification unless essential
Flavors: r-devel-linux-x86_64-debian-clang, r-devel-linux-x86_64-debian-gcc, r-devel-linux-x86_64-fedora-clang, r-devel-linux-x86_64-fedora-gcc, r-devel-windows-x86_64, r-patched-linux-x86_64, r-release-linux-x86_64, r-release-macos-arm64, r-release-macos-x86_64, r-release-windows-x86_64, r-oldrel-macos-arm64, r-oldrel-macos-x86_64, r-oldrel-windows-x86_64
Version: 0.2.1
Check: installed package size
Result: NOTE
installed size is 11.1Mb
sub-directories of 1Mb or more:
libs 10.1Mb
Flavors: r-release-macos-arm64, r-release-macos-x86_64, r-oldrel-macos-arm64, r-oldrel-macos-x86_64