Last updated on 2024-06-29 03:49:25 CEST.
Flavor | Version | Tinstall | Tcheck | Ttotal | Status | Flags |
---|---|---|---|---|---|---|
r-devel-linux-x86_64-debian-clang | 2024.1.31 | 109.40 | 125.86 | 235.26 | OK | |
r-devel-linux-x86_64-debian-gcc | 2024.1.31 | 93.29 | 97.27 | 190.56 | OK | |
r-devel-linux-x86_64-fedora-clang | 2024.1.31 | 290.97 | OK | |||
r-devel-linux-x86_64-fedora-gcc | 2024.1.31 | 367.83 | OK | |||
r-devel-windows-x86_64 | 2024.1.31 | 85.00 | 122.00 | 207.00 | NOTE | |
r-patched-linux-x86_64 | 2024.1.31 | 103.39 | 121.86 | 225.25 | OK | |
r-release-linux-x86_64 | 2024.1.31 | 102.07 | 122.61 | 224.68 | OK | |
r-release-macos-arm64 | 2024.1.31 | 88.00 | NOTE | |||
r-release-macos-x86_64 | 2024.1.31 | 146.00 | NOTE | |||
r-release-windows-x86_64 | 2024.1.31 | 81.00 | 126.00 | 207.00 | NOTE | |
r-oldrel-macos-arm64 | 2024.1.31 | 93.00 | NOTE | |||
r-oldrel-macos-x86_64 | 2024.1.31 | 208.00 | NOTE | |||
r-oldrel-windows-x86_64 | 2024.1.31 | 105.00 | 159.00 | 264.00 | NOTE |
Version: 2024.1.31
Check: installed package size
Result: NOTE
installed size is 13.4Mb
sub-directories of 1Mb or more:
libs 12.6Mb
Flavors: r-devel-windows-x86_64, r-release-macos-arm64, r-release-macos-x86_64, r-release-windows-x86_64, r-oldrel-macos-arm64, r-oldrel-macos-x86_64, r-oldrel-windows-x86_64