Last updated on 2024-06-18 02:58:15 CEST.
Flavor | Version | Tinstall | Tcheck | Ttotal | Status | Flags |
---|---|---|---|---|---|---|
r-devel-linux-x86_64-debian-clang | 0.2.0 | 8.19 | 48.21 | 56.40 | OK | |
r-devel-linux-x86_64-debian-gcc | 0.2.0 | 6.60 | 37.97 | 44.57 | OK | |
r-devel-linux-x86_64-fedora-clang | 0.2.0 | 75.63 | NOTE | |||
r-devel-linux-x86_64-fedora-gcc | 0.2.0 | 67.65 | NOTE | |||
r-devel-windows-x86_64 | 0.2.0 | 8.00 | 56.00 | 64.00 | OK | |
r-patched-linux-x86_64 | 0.2.0 | 7.63 | 48.29 | 55.92 | OK | |
r-release-linux-x86_64 | 0.2.0 | 7.37 | 48.08 | 55.45 | OK | |
r-release-macos-arm64 | 0.2.0 | 27.00 | NOTE | |||
r-release-macos-x86_64 | 0.2.0 | 47.00 | NOTE | |||
r-release-windows-x86_64 | 0.2.0 | 8.00 | 58.00 | 66.00 | OK | |
r-oldrel-macos-arm64 | 0.2.0 | 27.00 | NOTE | |||
r-oldrel-macos-x86_64 | 0.2.0 | 40.00 | NOTE | |||
r-oldrel-windows-x86_64 | 0.2.0 | 12.00 | 65.00 | 77.00 | OK |
Version: 0.2.0
Check: data for non-ASCII characters
Result: NOTE
Note: found 26 marked Latin-1 strings
Flavors: r-devel-linux-x86_64-fedora-clang, r-devel-linux-x86_64-fedora-gcc
Version: 0.2.0
Check: installed package size
Result: NOTE
installed size is 5.0Mb
sub-directories of 1Mb or more:
data 4.9Mb
Flavors: r-release-macos-arm64, r-release-macos-x86_64, r-oldrel-macos-arm64, r-oldrel-macos-x86_64