Last updated on 2024-06-29 03:49:18 CEST.
Flavor | Version | Tinstall | Tcheck | Ttotal | Status | Flags |
---|---|---|---|---|---|---|
r-devel-linux-x86_64-debian-clang | 0.5 | 5.90 | 43.10 | 49.00 | OK | |
r-devel-linux-x86_64-debian-gcc | 0.5 | 4.36 | 31.61 | 35.97 | OK | |
r-devel-linux-x86_64-fedora-clang | 0.5 | 60.51 | NOTE | |||
r-devel-linux-x86_64-fedora-gcc | 0.5 | 69.79 | OK | |||
r-devel-windows-x86_64 | 0.5 | 5.00 | 52.00 | 57.00 | OK | |
r-patched-linux-x86_64 | 0.5 | 4.55 | 40.74 | 45.29 | OK | |
r-release-linux-x86_64 | 0.5 | 4.99 | 40.52 | 45.51 | OK | |
r-release-macos-arm64 | 0.5 | 26.00 | OK | |||
r-release-macos-x86_64 | 0.5 | 38.00 | OK | |||
r-release-windows-x86_64 | 0.5 | 6.00 | 53.00 | 59.00 | OK | |
r-oldrel-macos-arm64 | 0.5 | 29.00 | OK | |||
r-oldrel-macos-x86_64 | 0.5 | 76.00 | OK | |||
r-oldrel-windows-x86_64 | 0.5 | 4.00 | 58.00 | 62.00 | OK |
Version: 0.5
Check: Rd cross-references
Result: NOTE
Undeclared package ‘rms’ in Rd xrefs
Flavor: r-devel-linux-x86_64-fedora-clang