Last updated on 2024-06-18 02:58:06 CEST.
Flavor | Version | Tinstall | Tcheck | Ttotal | Status | Flags |
---|---|---|---|---|---|---|
r-devel-linux-x86_64-debian-clang | 0.3.0 | 15.37 | 172.14 | 187.51 | OK | |
r-devel-linux-x86_64-debian-gcc | 0.3.0 | 12.54 | 127.31 | 139.85 | OK | |
r-devel-linux-x86_64-fedora-clang | 0.3.0 | 236.15 | OK | |||
r-devel-linux-x86_64-fedora-gcc | 0.3.0 | 237.74 | OK | |||
r-devel-windows-x86_64 | 0.3.0 | 16.00 | 139.00 | 155.00 | OK | |
r-patched-linux-x86_64 | 0.3.0 | 17.29 | 163.63 | 180.92 | OK | |
r-release-linux-x86_64 | 0.3.0 | 13.37 | 162.86 | 176.23 | OK | |
r-release-macos-arm64 | 0.3.0 | 61.00 | OK | |||
r-release-macos-x86_64 | 0.3.0 | 110.00 | OK | |||
r-release-windows-x86_64 | 0.3.0 | 16.00 | 76.00 | 92.00 | FAIL | |
r-oldrel-macos-arm64 | 0.3.0 | 74.00 | OK | |||
r-oldrel-macos-x86_64 | 0.3.0 | 202.00 | OK | |||
r-oldrel-windows-x86_64 | 0.3.0 | 19.00 | 174.00 | 193.00 | OK |
Version: 0.3.0
Check: whether the namespace can be loaded with stated dependencies
Result: WARN
Error: memory exhausted
Execution halted
A namespace must be able to be loaded with just the base namespace
loaded: otherwise if the namespace gets loaded by a saved object, the
session will be unable to start.
Probably some imports need to be declared in the NAMESPACE file.
Flavor: r-release-windows-x86_64
Version: 0.3.0
Check: R code for possible problems
Result: FAIL
Flavor: r-release-windows-x86_64