Last updated on 2024-06-29 03:49:11 CEST.
Flavor | Version | Tinstall | Tcheck | Ttotal | Status | Flags |
---|---|---|---|---|---|---|
r-devel-linux-x86_64-debian-clang | 1.0 | 168.71 | 381.63 | 550.34 | OK | |
r-devel-linux-x86_64-debian-gcc | 1.0 | 115.79 | 250.14 | 365.93 | OK | |
r-devel-linux-x86_64-fedora-clang | 1.0 | 751.46 | OK | |||
r-devel-linux-x86_64-fedora-gcc | 1.0 | 682.51 | OK | |||
r-devel-windows-x86_64 | 1.0 | 122.00 | 237.00 | 359.00 | OK | |
r-patched-linux-x86_64 | 1.0 | 131.43 | 336.84 | 468.27 | OK | |
r-release-linux-x86_64 | 1.0 | 132.71 | 328.02 | 460.73 | OK | |
r-release-macos-arm64 | 1.0 | 172.00 | NOTE | |||
r-release-macos-x86_64 | 1.0 | 213.00 | NOTE | |||
r-release-windows-x86_64 | 1.0 | 124.00 | 243.00 | 367.00 | OK | |
r-oldrel-macos-arm64 | 1.0 | 176.00 | NOTE | |||
r-oldrel-macos-x86_64 | 1.0 | 348.00 | NOTE | |||
r-oldrel-windows-x86_64 | 1.0 | 152.00 | 304.00 | 456.00 | OK |
Version: 1.0
Check: installed package size
Result: NOTE
installed size is 6.7Mb
sub-directories of 1Mb or more:
libs 6.1Mb
Flavors: r-release-macos-arm64, r-release-macos-x86_64, r-oldrel-macos-arm64, r-oldrel-macos-x86_64